se 4) to base 16.
51
What is 124 (base 7) in base 2?
1000011
204 (base 7) to base 11
93
What is -1b (base 16) in base 9?
-30
-12 (base 10) to base 7
-15
Convert -2 (base 15) to base 7.
-2
-2 (base 5) to base 7
-2
14 (base 6) to base 12
a
Convert 5 (base 13) to base 11.
5
What is 7 (base 16) in base 6?
11
-28 (base 11) to base 12
-26
Convert 80 (base 16) to base 2.
10000000
Convert -1103 (base 4) to base 10.
-83
What is 0 (base 11) in base 2?
0
What is 1 (base 7) in base 14?
1
b (base 13) to base 7
14
-1 (base 5) to base 7
-1
Convert -266 (base 8) to base 7.
-350
-10 (base 5) to base 7
-5
Convert 34 (base 6) to base 15.
17
What is -12 (base 9) in base 5?
-21
What is -141 (base 15) in base 2?
-100011110
-129 (base 12) to base 15
-bc
Convert 305 (base 7) to base 8.
230
2 (base 3) to base 14
2
20 (base 12) to base 10
24
What is 314 (base 5) in base 2?
1010100
1101110 (base 2) to base 7
215
2 (base 5) to base 7
2
1a (base 13) to base 11
21
What is -2 (base 4) in base 5?
-2
10112 (base 3) to base 2
1011111
-110 (base 2) to base 12
-6
Convert 30 (base 6) to base 2.
10010
What is 27 (base 11) in base 10?
29
80 (base 10) to base 8
120
Convert 432 (base 6) to base 10.
164
Convert -6 (base 10) to base 2.
-110
Convert 2 (base 13) to base 14.
2
6 (base 9) to base 11
6
What is 4 (base 9) in base 4?
10
What is 1c (base 15) in base 16?
1b
What is 111 (base 2) in base 4?
13
-49 (base 16) to base 13
-58
What is 0 (base 2) in base 3?
0
What is 36 (base 7) in base 13?
21
Convert -9 (base 13) to base 14.
-9
What is 181 (base 10) in base 12?
131
What is 178 (base 14) in base 8?
456
4 (base 15) to base 2
100
Convert 2 (base 3) to base 6.
2
-302 (base 5) to base 15
-52
Convert -14 (base 10) to base 12.
-12
What is -4 (base 15) in base 12?
-4
-3 (base 7) to base 10
-3
-126 (base 7) to base 3
-2120
106 (base 10) to base 3
10221
What is 58 (base 11) in base 12?
53
What is 242 (base 5) in base 4?
1020
Convert 1 (base 13) to base 4.
1
29 (base 10) to base 2
11101
What is 4 (base 11) in base 10?
4
0 (base 4) to base 11
0
-10 (base 2) to base 10
-2
What is -57 (base 12) in base 10?
-67
What is 0 (base 7) in base 4?
0
5 (base 10) to base 16
5
What is 21 (base 10) in base 14?
17
Convert -3a (base 11) to base 13.
-34
Convert -82 (base 10) to base 6.
-214
What is 1 (base 3) in base 5?
1
-245 (base 8) to base 3
-20010
What is 101 (base 13) in base 6?
442
Convert -68 (base 9) to base 12.
-52
5 (base 10) to base 5
10
Convert -21 (base 11) to base 16.
-17
Convert 3 (base 6) to base 3.
10
Convert -132 (base 6) to base 4.
-320
What is 1 (base 13) in base 16?
1
Convert 11111 (base 2) to base 6.
51
38 (base 14) to base 4
302
-1002 (base 3) to base 8
-35
-3 (base 9) to base 4
-3
-23 (base 4) to base 9
-12
What is 4 (base 8) in base 5?
4
27 (base 12) to base 16
1f
-36 (base 14) to base 10
-48
What is 42 (base 11) in base 2?
101110
Convert -161 (base 8) to base 5.
-423
What is 11 (base 3) in base 4?
10
-34 (base 6) to base 10
-22
What is 7 (base 14) in base 12?
7
1 (base 4) to base 15
1
126 (base 7) to base 16
45
2b (base 16) to base 3
1121
Convert -a (base 16) to base 6.
-14
Convert 230 (base 5) to base 12.
55
30 (base 6) to base 13
15
10 (base 5) to base 6
5
What is -2a (base 13) in base 16?
-24
Convert 4 (base 9) to base 6.
4
201 (base 3) to base 2
10011
22 (base 9) to base 12
18
-23 (base 9) to base 2
-10101
-2 (base 14) to base 10
-2
120 (base 4) to base 14
1a
-35 (base 11) to base 7
-53
-121 (base 3) to base 12
-14
-1 (base 4) to base 14
-1
-2 (base 8) to base 13
-2
Convert -10010110 (base 2) to base 13.
-b7
What is -73 (base 10) in base 6?
-201
What is 100 (base 5) in base 14?
1b
Convert -1102 (base 3) to base 11.
-35
Convert -1a (base 16) to base 4.
-122
What is -1 (base 13) in base 16?
-1
What is -22 (base 7) in base 4?
-100
What is -7 (base 13) in base 8?
-7
Convert -392 (base 10) to base 7.
-1100
Convert 10011001 (base 2) to base 10.
153
3 (base 9) to base 12
3
Convert -2 (base 6) to base 7.
-2
What is -7 (base 12) in base 15?
-7
-12 (base 15) to base 8
-21
Convert 1 (base 2) to base 10.
1
Convert -7 (base 13) to base 8.
-7
-8 (base 15) to base 10
-8
-3 (base 14) to base 15
-3
4 (base 10) to base 3
11
11 (base 15) to base 16
10
What is -144 (base 7) in base 2?
-1010001
50 (base 8) to base 7
55
-1060 (base 7) to base 14
-1d7
1 (base 3) to base 5
1
What is 22 (base 5) in base 15?
c
8 (base 11) to base 9
8
3 (base 10) to base 8
3
Convert 4 (base 6) to base 16.
4
Convert 58 (base 13) to base 2.
1001001
7 (base 8) to base 16
7
What is 34 (base 7) in base 13?
1c
What is 5 (base 10) in base 2?
101
What is 111 (base 5) in base 8?
37
What is -10 (base 3) in base 6?
-3
What is -2103 (base 4) in base 2?
-10010011
Convert 1 (base 9) to base 7.
1
34 (base 9) to base 4
133
11100 (base 3) to base 7
225
Convert -1 (base 12) to base 3.
-1
-100 (base 6) to base 15
-26
Convert -13 (base 5) to base 10.
-8
What is -1 (base 3) in base 10?
-1
-100 (base 2) to base 7
-4
0 (base 4) to base 7
0
What is 2 (base 4) in base 12?
2
Convert -13 (base 15) to base 12.
-16
What is -21 (base 10) in base 12?
-19
Convert -6 (base 8) to base 2.
-110
What is 20 (base 3) in base 14?
6
Convert 10130 (base 4) to base 7.
554
Convert -13 (base 6) to base 10.
-9
What is 30 (base 12) in base 10?
36
Convert 8 (base 10) to base 13.
8
What is -50 (base 7) in base 2?
-100011
10 (base 4) to base 15
4
200 (base 5) to base 12
42
6a (base 12) to base 3
10001
-1 (base 12) to base 10
-1
What is 1 (base 8) in base 12?
1
What is 115 (base 10) in base 9?
137
What is -5 (base 9) in base 13?
-5
-15 (base 13) to base 10
-18
What is 2 (base 8) in base 11?
2
Convert 10111 (base 3) to base 4.
1132
What is -101 (base 7) in base 3?
-1212
What is -25 (base 13) in base 14?
-23
Convert 4 (base 14) to base 10.
4
3 (base 9) to base 16
3
Convert 41 (base 13) to base 15.
38
Convert -20 (base 7) to base 5.
-24
11 (base 8) to base 14
9
-3 (base 4) to base 6
-3
Convert -c (base 13) to base 11.
-11
Convert -1 (base 16) to base 2.
-1
What is 101 (base 14) in base 6?
525
What is -1 (base 10) in base 12?
-1
0 (base 10) to base 7
0
Convert 3 (base 9) to base 2.
11
What is 17 (base 8) in base 9?
16
-13 (base 9) to base 8
-14
Convert 12 (base 12) to base 9.
15
Convert -26 (base 14) to base 3.
-1021
What is -6 (base 9) in base 8?
-6
What is -1 (base 10) in base 12?
-1
What is 4 (base 10) in base 16?
4
What is -60 (base 11) in base 12?
-56
103 (base 7) to base 4
310
Convert 0 (base 12) to base 15.
0
Convert -43 (base 10) to base 11.
-3a
What is 2 (base 13) in base 16?
2
-1112 (base 5) to base 4
-2131
1153 (base 6) to base 10
285
Convert 12 (base 4) to base 16.
6
12 (base 4) to base 13
6
What is 2 (base 13) in base 2?
10
What is -11 (base 8) in base 3?
-100
1 (base 9) to base 3
1
What is -12 (base 13) in base 3?
-120
What is a (base 14) in base 13?
a
Convert 22 (base 3) to base 11.
8
Convert -1 (base 13) to base 8.
-1
77 (base 12) to base 11
83
Convert 21 (base 7) to base 16.
f
122 (base 6) to base 15
35
3 (base 12) to base 4
3
Convert -212 (base 4) to base 11.
-35
What is -4 (base 6) in base 2?
-100
Convert -24 (base 8) to base 15.
-15
Convert 5 (base 11) to base 9.
5
Convert -32 (base 7) to base 8.
-27
What is 3 (base 7) in base 4?
3
Convert -1 (base 2) to base 14.
-1
45 (base 6) to base 14
21
0 (base 7) to base 15
0
Convert -21 (base 5) to base 12.
-b
What is -49 (base 10) in base 6?
-121
What is -13 (base 4) in base 7?
-10
What is -3 (base 4) in base 8?
-3
Convert -4 (base 6) to base 2.
-100
-15 (base 15) to base 11
-19
What is 1100 (base 2) in base 11?
11
Convert -13 (base 8) to base 11.
-10
24 (base 15) to base 12
2a
5 (base 11) to base 2
101
-6 (base 9) to base 15
-6
What is 345 (base 7) in base 6?
500
Convert 0 (base 10) to base 11.
0
Convert -53 (base 6) to base 13.
-27
What is -48 (base 16) in base 2?
-1001000
Convert 11 (base 16) to base 6.
25
What is -13 (base 5) in base 4?
-20
What is -99 (base 16) in base 7?
-306
-22 (base 6) to base 12
-12
Convert 3 (base 14) to base 13.
3
Convert 21111 (base 3) to base 11.
174
-10 (base 3) to base 9
-3
What is -1 (base 2) in base 15?
-1
Convert 4 (base 13) to base 14.
4
Convert -11011 (base 2) to base 12.
-23
What is -32 (base 4) in base 10?
-14
Convert 11 (base 4) to base 8.
5
What is 36 (base 7) in base 3?
1